
-6
Suppose 5*f - 6 = 64. Let v = -10 + f. Let b(h) = -3*h**2 + 2 - v*h + h**3 + 9*h - 3*h**2. What is b(4)?
-10
Let r(b) = -8*b**2 + b**2 + 6 - 3*b + 6*b**2. Determine r(-5).
-4
Let p(l) = 6*l + l**3 + 9 - 7*l - 8. Let s be (6/8)/((-1)/4). Let w = s - -5. Give p(w).
7
Let b be (-92)/(-23) + (1 - 0). Let s(m) = m**2 - 4*m - 5. Give s(b).
0
Let h(w) be the first derivative of -w**4/12 - 2*w**3/3 + w**2 - 3*w + 1. Let q(s) be the first derivative of h(s). What is q(-4)?
2
Let m = 4 - 3. Let o = m + 1. Let j(a) = -4 - a**o + 0 + 6*a - 1. What is j(4)?
3
Let d(k) = -k**2 - k + 1. Suppose -3*g + 25 = 2*g + 5*h, 15 = 3*g + 4*h. Suppose 0 = 5*q + 3*m - 2*m + 14, -g*m = q - 2. What is d(q)?
-5
Let g = 68 + -76. Let f(i) = i**2 + 10*i - 5. Determine f(g).
-21
Let v(u) be the third derivative of -u**4/24 - u**3/6 - 10*u**2. Give v(-10).
9
Let a(p) = p**2 - 3*p - 7. Let v = -6 - -11. Let i be a(v). Suppose 0*o + i*o = 0. Let g(j) = j**2 - 2. Calculate g(o).
-2
Let v be -2 - (-3 - 0 - -2). Let a be 3/(-9)*(-6)/2. Let x be 3 - (a - v)/2. Let p(i) = -i**2 + 2. Determine p(x).
-2
Let m(l) be the third derivative of 1/15*l**5 - 3*l**2 + 0*l + 5/24*l**4 + l**3 - 1/120*l**6 + 0. Calculate m(5).
6
Let i(r) = -r**2 - 4*r - 1. Let o(w) = -4*w - w + 3*w + 3*w. Let k(y) = i(y) + 4*o(y). Give k(3).
-10
Let q(i) = -i**2 + 5*i + 2. Let l(t) = -2*t + 5. Let a be l(-9). Suppose -a = -4*n + 1. Calculate q(n).
-4
Let p(u) = u + 2. Suppose 16 = 5*q - 4. Suppose -5*d - 2 = 2*l, l - 5*l - q = -5*d. Calculate p(d).
2
Let d(b) = -b**3 - b**2 + 1. Let x(o) be the first derivative of -5*o**4/4 - 3*o**3 - 3*o**2/2 + 4*o + 3. Let g(k) = -6*d(k) + x(k). Calculate g(3).
-11
Let m be 8/(-3)*(-3)/2. Let u(l) be the third derivative of -l**6/120 + l**5/20 + l**4/8 - l**3/6 + 12*l**2. Calculate u(m).
-5
Let u(b) = -b**2 - 6*b - 7. Let h be -12*1/(12/(-8)). Suppose 10*o = h*o - 12. Calculate u(o).
-7
Let u = 9 + -4. Let j(z) = -11*z + 10 + 9*z + z. Determine j(u).
5
Let j(a) = 7*a**3 + a**2 - 2*a + 1. Suppose 2*u = u + 5. Let g = u - 5. Let f = g - -1. Give j(f).
7
Let x(i) = -i + 4. Let w(z) = 5*z + 67. Let b be w(-12). Calculate x(b).
-3
Let v(y) = 9*y - 6*y - 1 - 3 + 1. What is v(-4)?
-15
Let v(g) = 6*g**3 - 6*g**2 + 1. Let w(x) = -6*x**3 + 7*x**2 - 1. Let c(o) = -6*v(o) - 5*w(o). Calculate c(1).
-6
Suppose -2*s - 2*s = -4. Let j(t) = -8*t. Determine j(s).
-8
Let d(p) = 4*p**3 + 3 - 12*p**3 - 4*p**2 + 9*p**3 - 2*p. Give d(4).
-5
Let z(a) be the first derivative of a**3/3 + 4*a**2 + 8*a - 2. Let h be z(-6). Let n be 3/(-6)*(h - 0). Let u(t) = -5*t + 2. What is u(n)?
-8
Let p(i) = -4*i + 2*i**3 + 2*i - 4*i**2 - 5 - i**3. Suppose -u + 1 = 3*k, -7*u = -11*u + 8*k + 24. Calculate p(u).
-13
Let d(i) be the second derivative of i**7/840 - i**6/72 + i**5/20 - i**4/8 + 2*i**3/3 - i. Let j(t) be the second derivative of d(t). Calculate j(4).
5
Suppose 0 = -o + 2*o. Suppose -5*l - 10 + o = 0. Let h(g) = g**2 - 2*g - 1. Determine h(l).
7
Let c = 18 + -28. Let i = c - -5. Let h(l) = -l**3 - 6*l**2 - 4*l - 3. Determine h(i).
-8
Let v(x) = -6*x + 7. Let k(b) = 1. Let s(d) = 5*k(d) - v(d). Let j = 2 + 0. Suppose 0 = -j*i + 8, 3*u + 4*i - 12 = 10. Give s(u).
10
Let k(m) = m - 2. Let g = 23 + -12. Suppose y - g = 1. Let w be (-1)/4 - (-39)/y. What is k(w)?
1
Let h(s) be the third derivative of -s**4/12 - 5*s**3/6 + 5*s**2. What is h(6)?
-17
Let n(d) be the third derivative of -d**5/60 + d**3/6 + d**2. Suppose 12*k - 8 = 8*k. Suppose 6*b = -2*u + k*b + 4, -3*b + 3 = 0. Calculate n(u).
1
Let t(d) = -3*d + 1. Let i(b) = 16*b - 5. Let f(g) = 2*i(g) + 11*t(g). What is f(3)?
-2
Suppose a + n = -3, 2*a + a - 2*n + 14 = 0. Let q(w) = w**3 + 6*w**2 + w + 2. Let u(d) = d**3 + 6*d**2 + 2. Let m(j) = a*q(j) + 3*u(j). Calculate m(-5).
-7
Let d(p) = 0*p**2 + 2*p**2 - 6*p**2 + 3*p**2. Let s(m) = 4*m**2 + 2*m + 1. Let v(w) = 5*d(w) + s(w). What is v(2)?
1
Let b = 18 + -15. Let y(g) = g**3 - 4*g**2 + g + 2. Calculate y(b).
-4
Let y(f) = f**2 + 5*f - 7. Let l(h) = -h**2 - 5*h + 7. Let j(p) = -3*l(p) - 2*y(p). Determine j(-5).
-7
Let g(i) = 3*i + 2. Let t(a) = 1. Let q(n) = g(n) - 3*t(n). Let z be 186/8 + (-2)/8. Suppose 0 = f + 3, 5*f + z = 3*l + l. Give q(l).
5
Let r(a) = a + 5. Let q be ((0/3)/(-1))/2. Suppose q*c + c + 5 = 0. What is r(c)?
0
Let d(y) = 2*y**3 - 3*y**2 + 2. Let g = -5 + 19. Let l be (-2)/7 - (-32)/g. Determine d(l).
6
Let x be 2/((1 - 2)/(-1)). Let o = 1 - -1. Let r(c) = 3*c**3 - 4 - o*c**3 + 2 + 1 - c. Give r(x).
5
Let l(z) = -z - 4. Let r(p) = -p - 1. Let d(y) = -8*y - 13. Let q(h) = -d(h) + 6*r(h). Let x(k) = 9*l(k) + 4*q(k). Determine x(0).
-8
Let a(r) = r**2 - 4 + 3 - r + 5*r - 3*r. What is a(0)?
-1
Let d(a) = -1. Let r(y) = -y + 4. Let o(m) = 4*d(m) + r(m). Determine o(2).
-2
Let u(a) = a**3 + 5*a**2 - 8*a - 6. Suppose -16 = -4*z - 40. What is u(z)?
6
Suppose -4*r = -5*q + 18, -3*r - 6 = -0. Let g be 1/(-2) + (-11)/q. Let k(f) = f**2 + 6*f + 9. What is k(g)?
9
Suppose -2*w + 7 = -3*y, 0 = w - 5*w + 3*y + 17. Let b(t) = -1. Let r(g) = -g + 1. Let n(x) = -b(x) + 2*r(x). Calculate n(w).
-7
Let a(g) be the first derivative of -g**2 - g + 25. Determine a(-1).
1
Let b(y) = 6*y**3 + 3*y**2 + 5*y + 2. Let s(w) = 3*w**3 + 2*w**2 + 3*w + 1. Let q(c) = 3*b(c) - 5*s(c). Suppose -4 = -4*f - 0. Determine q(f).
3
Let t = 3 + 1. Suppose -8 = -t*f + 16. Suppose 0 = n - f*n. Let a(u) = u + 2. What is a(n)?
2
Let j(m) = -7 + 3*m**3 - 7*m**3 - 7*m + 5*m**3 + 4*m**2. Determine j(-5).
3
Let a = 5 + -10. Let b(d) be the first derivative of d**4/4 + 5*d**3/3 + d**2/2 - d - 1. Give b(a).
-6
Let s(n) = 3*n**3 - 2*n**2 - 12*n + 7. Let d(i) = i**3 - i**2 - 4*i + 2. Let z(j) = 7*d(j) - 2*s(j). Suppose -t + 3 = 0, 5*g + 4*t - 25 = 7. Calculate z(g).
0
Suppose 0 = y - 6*o + 3*o - 10, 0 = -3*o - 6. Suppose 5*n - 2*l = 4, n = 3*l - y - 3. Let p(f) = 2*f**3 - 2 - f**3 + 70*f - 71*f. Determine p(n).
4
Suppose 2*w - 5*w + 15 = 0. Let k(a) = 3 - 3*a**3 - 1 + w*a**3 + 2*a**2. Suppose -2 = -5*m + 6*m. Determine k(m).
-6
Let v = 10 - 9. Let n(d) = 3*d**3 + 29*d - 30*d + 5*d**3. Determine n(v).
7
Let j(s) = s**3 + 5*s**2 + 2*s - 2. Let h be j(-4). Let m(i) = -i**2 + 4*i + 8. What is m(h)?
-4
Let y(f) = f**3 - f + 4. Let p be y(0). Suppose p*m - 6 = m. Let u(g) = -4*g + 0*g + g**2 + 5*g**m + 5 - 5*g**2. What is u(4)?
5
Let s(f) = -f**2 + 12*f - 15. Let c(q) = q**2 + q - 1. Let h be c(3). Let y be s(h). Let w(t) be the third derivative of t**4/24 - t**3/6 + t**2. What is w(y)?
-5
Let i(u) = -u**3 + 5*u**2 + u - 2. Let r = 8 - 4. Let o be (-2 - -1)/(1 + 0). Let g = r - o. Calculate i(g).
3
Let r(u) = u - 3. Suppose 2*g - 4 = -0. Suppose d + g = -d. Let b = -4 - d. Determine r(b).
-6
Let z be (-4)/14 - (-115)/35. Suppose 3*m - 93 = -2*m - 2*w, -z*m + 4*w = -35. Suppose 0*s + 3*i + m = 2*s, -1 = 2*s + 3*i. Let o(a) = a. Give o(s).
4
Let g(b) = -b - 2. Suppose -42 = -3*k + 4*h, -5*k + 0*h = -4*h - 62. Let r = 9 - k. Calculate g(r).
-1
Suppose -b - 8 = v - 2*v, 5*b - 2*v + 34 = 0. Let j(l) = -2*l - 3. What is j(b)?
9
Let p(t) be the second derivative of t**5/20 + t**4/2 + 5*t**2/2 + 2*t. Let m = 9 - 15. Give p(m).
5
Let c(r) = -r + 5. Let v be c(-4). Let u = -11 - -25. Let d = v - u. Let z(w) = 3*w + 6. Determine z(d).
-9
Let w(u) = -u**2 + 5*u + 1. Let j(l) = -2*l**2 + 10*l + 2. Let t(v) = -6*j(v) + 13*w(v). Suppose -q + f = -2*q + 1, -q - 2*f - 2 = 0. Calculate t(q).
5
Let s be -6 - -7 - (5 + 0). Let y(q) = -q**3 - 5*q**2 - 2*q - 4. What is y(s)?
-12
Let m(q) = -q + 6. Let u be m(3). Let j(a) be the third derivative of 5/6*a**u + a**2 + 0 + 1/24*a**4 + 0*a. Calculate j(0).
5
Let g(w) = w**3 + 2*w**2 + w + 2. Suppose -11 - 15 = 2*y - 5*d, 0 = y + 4*d - 13. What is g(y)?
-10
Let v(i) = i + 0*i - 2*i + 3. Suppose 5*r - 15 + 0 = 0. What is v(r)?
0
Suppose -c = 3*c + 16. Let t be 10/(-4)*(-18)/15. Let v(b) = 2 + 3*b**t + 3*b**2 + 4 - 2 - 4*b - 2*b**3. Give v(c).
4
Suppose -b + 18 = 5*l, l - 2*b + 4 = 1. Suppose l*f = -s + 1, 0*s - 1 = f - s. Let y(r) = r**2 + r + 1. Give y(f).
1
Let c(s) = -s**2 + 5*s + 4. Let a(b) = 2*b**2 - 5*b - 3. Let n = 3 - 1. Suppose o = -5 + n. Let i(h) = o*c(h) - 2*a(h). Determine i(-5).
-6
Let q(x) be the third derivative of x**6/120 - x**5/10 + x**4/4 - x**3/2 + x**2. Determine q(5).
2
Let u(v) = -v**3 - 3*v**2 + 